hat is 63624 + 2?
63626
In base 15, what is 41 + -212?
-1c1
In base 10, what is 4 + 255574?
255578
In base 11, what is 10 + -55?
-45
In base 9, what is -21 + 4177?
4156
In base 8, what is -25 + 3463?
3436
In base 9, what is 1871437 + 3?
1871441
In base 4, what is 100113 + 2000?
102113
In base 3, what is 2 - 221122220?
-221122211
In base 14, what is -1a + -4259?
-4275
In base 7, what is 1 + -1043353?
-1043352
In base 14, what is 0 + a1918?
a1918
In base 11, what is 2210 - 43?
2178
In base 10, what is 5166 - -11?
5177
In base 11, what is 7a78 - -19?
7a96
In base 2, what is 1 - 1010100001111001101?
-1010100001111001100
In base 4, what is 213320 + -131?
213123
In base 5, what is 1214 + -11323?
-10104
In base 7, what is 65 - -2523?
2621
In base 4, what is 10303132 + 0?
10303132
In base 4, what is 112 + 20121223?
20122001
In base 13, what is 5a - -221?
27b
In base 3, what is -1021212 - 200111?
-1222100
In base 4, what is 12 - -212132?
212210
In base 14, what is -4 - 1755a?
-17560
In base 11, what is 0 - 5a799?
-5a799
In base 6, what is 0 - -114320?
114320
In base 5, what is -13 - -14242?
14224
In base 5, what is -10 - 2130211?
-2130221
In base 16, what is 4 - 68ca?
-68c6
In base 9, what is 711 + -232?
468
In base 15, what is 1b38c - 1a?
1b372
In base 13, what is 1 - -229767?
229768
In base 7, what is 100 - 5462?
-5362
In base 2, what is 111001110 + 111101100?
1110111010
In base 5, what is -22241 + 434?
-21302
In base 3, what is 110201010 + 20022?
110221102
In base 14, what is 8574 - 10?
8564
In base 5, what is 12022 - -10412?
22434
In base 16, what is 2b58 - 0?
2b58
In base 12, what is -122989a + -4?
-12298a2
In base 10, what is 5 - 51199?
-51194
In base 7, what is 334 + -10636?
-10302
In base 7, what is -16240 - 12?
-16252
In base 16, what is a + -247?
-23d
In base 9, what is 3 + 355253?
355256
In base 10, what is 56177 - 0?
56177
In base 15, what is -4 - -b1c7?
b1c3
In base 12, what is b5 - a3?
12
In base 13, what is -4 - -419a?
4196
In base 3, what is 2 - 1001?
-222
In base 16, what is -71 + -ac?
-11d
In base 8, what is -243052 - -2?
-243050
In base 7, what is -220 + -503?
-1023
In base 3, what is -11112212120 + -12?
-11112212202
In base 11, what is -3 + 74362?
7435a
In base 7, what is 0 + 32544?
32544
In base 3, what is 11002020000 - -200?
11002020200
In base 6, what is -222 - -14443?
14221
In base 9, what is 1541 - -7?
1548
In base 12, what is 31930 - -13?
31943
In base 5, what is -2410 + -21140?
-24100
In base 5, what is 1 + -114341332?
-114341331
In base 3, what is -1120221201 + -11?
-1120221212
In base 11, what is 19201 + -5?
191a7
In base 13, what is -a6b - 5?
-a73
In base 15, what is -30 + -98a8?
-98d8
In base 2, what is 1011110 - -10110110110?
11000010100
In base 16, what is -e85f - -4?
-e85b
In base 3, what is -1 + -112121002?
-112121010
In base 11, what is 5448 - 5?
5443
In base 13, what is -12b + 79?
-82
In base 7, what is 4 - -10510?
10514
In base 3, what is -20012 - -1112101010?
1112010221
In base 7, what is 23 - -41202?
41225
In base 6, what is -11 + -343011?
-343022
In base 12, what is -1 - -7912?
7911
In base 4, what is 1 - -323202032?
323202033
In base 6, what is 2 + -210214?
-210212
In base 7, what is -6103 - -2222?
-3551
In base 5, what is 2301014 - 1?
2301013
In base 13, what is 22 - 108?
-b6
In base 15, what is 4 - -612c?
6131
In base 6, what is 1 - -2123211?
2123212
In base 9, what is -34 + -16526?
-16561
In base 13, what is -15a - -93?
-97
In base 5, what is 2413100 - 31?
2413014
In base 9, what is 368 - -62?
441
In base 6, what is 313052014 - 4?
313052010
In base 9, what is -3885 + 264?
-3621
In base 7, what is -3505 + 5644?
2136
In base 10, what is 26 - 13854?
-13828
In base 15, what is 0 - -236d?
236d
In base 12, what is -66586 + 2?
-66584
In base 3, what is -10 + 121111011?
121111001
In base 3, what is 111202100221 + 22?
111202101020
In base 11, what is 2 - -6653?
6655
In base 7, what is 16 - 45?
-26
In base 6, what is -5323202 - 4?
-5323210
In base 13, what is 1219a43 + 5?
1219a48
In base 7, what is -14 - -1206?
1162
In base 3, what is -11010011 + -12?
-11010100
In base 2, what is 11 + 110010101101000010111?
110010101101000011010
In base 16, what is c - 37f7?
-37eb
In base 11, what is 44 - 2947?
-2903
In base 2, what is 11 + 11001000?
11001011
In base 16, what is 3e - 36e?
-330
In base 11, what is 782 + -15a0?
-919
In base 3, what is -2021020 + -1002121?
-10100211
In base 4, what is 10 + 11000030?
11000100
In base 9, what is -132 - 678?
-821
In base 8, what is 1232 - 30300?
-27046
In base 15, what is 5 - b4a9?
-b4a4
In base 4, what is 12 - 2130000?
-2123322
In base 13, what is 37 - 535?
-4cb
In base 15, what is 445b9 - -3?
445bc
In base 2, what is -1010110 - 111110010100?
-111111101010
In base 10, what is -1716 + 20?
-1696
In base 9, what is -1385 + 32?
-1353
In base 15, what is -1 + 4a7e?
4a7d
In base 6, what is 21 - 2531?
-2510
In base 10, what is 9 - -1838?
1847
In base 13, what is 47167 - -2?
47169
In base 5, what is -1 - 1240404?
-1240410
In base 7, what is -3 + -22042?
-22045
In base 10, what is -63 - -3522?
3459
In base 3, what is 210102 + -1101220?
-121111
In base 6, what is 1 - -44155?
44200
In base 15, what is 3 - -8c40?
8c43
In base 16, what is -8132a - -3?
-81327
In base 2, what is -1 + 101110010111111?
101110010111110
In base 3, what is -1020100212 + 220?
-1020022222
In base 11, what is -2184 + -6a?
-2243
In base 16, what is -f5 - 578?
-66d
In base 13, what is -3c9 + -21?
-41a
In base 9, what is 174685 - 4?
174681
In base 16, what is -2d47 - -1?
-2d46
In base 8, what is -261440 - -4?
-261434
In base 8, what is 651624 + 5?
651631
In base 9, what is 311 + -10?
301
In base 16, what is -721 + -247?
-968
In base 16, what is d6 - -1eb?
2c1
In base 5, what is 2004223 - 34?
2004134
In base 6, what is -3220033 + 5?
-3220024
In base 13, what is -508 + 2766?
225b
In base 6, what is 11 + -13311033?
-13311022
In base 10, what is -15553 + 145?
-15408
In base 8, what is 27 + -7574?
-7545
In base 15, what is 2ea5a + 3?
2ea5d
In base 4, what is 32310233013 + 11?
32310233030
In base 11, what is -6634 + -6?
-663a
In base 12, what is 22 - -18013?
18035
In base 12, what is 26349 - -11?
2635a
In base 16, what is 25d1f - 5?
25d1a
In base 14, what is -3 + -199c?
-19a1
In base 4, what is -130 + 33001332?
33001202
In base 10, what is -1115 + 6?
-1109
In base 6, what is -1504 + 31?
-1433
In base 5, what is 11334 - -231?
12120
In base 14, what is 5 + -2359d7?
-2359d2
In base 12, what is 1757 - 437?
1320
In base 4, what is -13323000 - -2?
-13322332
In base 12, what is -3 - -6578?
6575
In base 15, what is 2 - -3d4b?
3d4d
In base 9, what is -31846 + 3?
-31843
In base 13, what is 4b - -5894?
5912
In base 11, what is -3 + -2a117?
-2a11a
In base 14, what is -19 + -a3?
-bc
In base 2, what is 100 + 10001100001010?
10001100001110
In base 13, what is 219 + -4ab?
-292
In base 2, what is -100 + 11110001010000010101?
11110001010000010001
In base 13, what is -1 - ab278?
-ab279
In base 3, what is -2021 - 1200202?
-1210000
In base 10, what is 174843 + 1?
174844
In base 9, what is -25 + 324?
288
In base 14, what is 9 + -81d?
-814
In base 9, what is 188 + 1124?
1323
In base 10, what is 6938 - 17?
6921
In base 5, what is 1 - 231321302?
-231321301
In base 6, what is 3 + 53403?
53410
In base 11, what is 3 + -4884?
-4881
In base 12, what is 21 - 392b?
-390a
In base 12, what is 221 - -4a?
26b
In base 4, what is -2023131 - -1?
-2023130
In base 5, what is -3 + -1131340?
-1131343
In base 12, what is -b - -1b01?
1ab2
In base 15, what is 2e9 - -49d?
797
In base 6, what is -1 - 33203?
-33204
In base 2, what is 10000001 + -10001110110?
-1111110101
In base 5, what is -3033422 - 30?
-3034002
In base 10, what is -2320 - -13?
-2307
In base 13, what is -23 - 1246?
-1269
In base 4, what is -20 - -31331221?
31331201
In base 8, what is -56640 - 3?
-56643
In base 14, what is -5 + 848ca?
848c5
In base 3, what is -102010101 - 10021?
-102020122
In base 6, what is -4033 - 235?
-4312
In base 11, what is 0 - -6148?
6148
In base 8, what is -2 - -66057?
66055
In base 11, what is 3787746 - 5?
3787741
In base 3, what is -11 - 21121102200?
-21121102211
In base 12, what is -2 - 2b2312?
-2b2314
In base 16, what is -7df87 + 2?
-7df85
In base 4, what is 10130313 - 202?
10130111
In 